= -4 + 4*d + 0 + q*d**2 - d**2 - 8*d. What is m(-3)?
-1
Let l be (1 - 0)*(6 - 4). Let b(a) = 13*a + a**l - 41*a + 22*a. Determine b(5).
-5
Let a(x) = -x. Let t(f) = 21*f + 14. Let d(w) = 11*w + 7. Let s(z) = 7*d(z) - 4*t(z). Let y(q) = 5*a(q) - s(q). Suppose 0*n + 3*n + 21 = 0. Give y(n).
-7
Let o(v) = 2*v**2 + 13*v + 2. Let d(q) = 3*q**2 + 25*q + 5. Let p(w) = 3*d(w) - 5*o(w). Give p(8).
21
Let l(w) = -44*w - 5*w**2 + 42*w + w**2. Give l(-2).
-12
Let k(h) = h**3 + h**2 - 2*h - 2. Let d be 4/(-6)*(5 - (-3)/(-6)). Give k(d).
-14
Let y(g) be the third derivative of -g**6/120 - g**5/12 - g**4/6 + 2*g**3/3 + g**2 + 5*g. Calculate y(-4).
4
Let y(n) be the third derivative of n**6/120 + n**5/60 + 13*n**3/6 - 110*n**2 - 1. Give y(0).
13
Suppose 35 = -10*b + 3*b. Let m(p) = 3*p + 1. Determine m(b).
-14
Let g(c) = -c. Let k(r) = -6*r + 6*r + 0 + 3 + 8*r. Let y(a) = 6*g(a) + k(a). Let m be y(-2). Let x(u) = -7*u. What is x(m)?
7
Let s(r) = -r**2 - r - 3. Suppose -v = a + 1 - 3, 5*a - 4*v = 28. Let q(w) = -3*w**2 - 56*w + a*w**2 + 52*w + 3. Let i be q(3). Give s(i).
-3
Suppose 51 = 7*r + 9. Let o(y) = -y**3 + 6*y**2 + 2*y. Calculate o(r).
12
Let y(g) = g - 1. Suppose 4*n + 340 = 3*l, -n - 355 = -4*l + l. Let t be l/(-35) + (-8)/14. Calculate y(t).
-5
Let a(n) = -4*n**2 + 3*n - 6. Let k(b) = 7*b**2 - 7*b + 12. Let y(h) = 5*a(h) + 3*k(h). Let p be y(7). Let v(l) = p - 6*l - 12 + 2*l. Calculate v(-2).
9
Let k(x) = -x**3 + 9*x**2 - 2*x + 13. Suppose -i - 4*t - 11 = 0, 5*i + 3*t + t = 25. Calculate k(i).
-5
Let z(m) = 4*m**2 - 10*m + 1. Let k(s) = 5*s**2 - 13*s + 3. Let p(u) = 3*k(u) - 4*z(u). Let o be (-1 + 1)*(-3)/6. Calculate p(o).
5
Let d(u) = 10*u**3 + 1. Let g be ((-24)/(-192))/(1/8). Give d(g).
11
Suppose -3*l + 6 = -3*x - 3, -5*x + 9 = l. Let o be (2/1)/(0 + x). Let d(t) = -2*t**2 + t + 1. Give d(o).
-5
Let n(a) = -a**2 - 1. Let l(x) = 3*x**2 - 2*x + 2. Let j(k) = -l(k) - 2*n(k). Let g be j(2). Let p(d) = 2*d + g*d + 3*d - 6*d - 1. What is p(-4)?
3
Let t(g) = -9*g**3 - 5*g**2 + 2*g - 17. Let h(z) be the first derivative of -z**4 - 2*z**3/3 + z**2/2 - 8*z - 13. Let m(c) = -7*h(c) + 3*t(c). What is m(0)?
5
Let r(d) = 3*d - 2. Let p(y) = 6*y - 5. Let w(j) = -3*p(j) + 5*r(j). Determine w(5).
-10
Let g(v) = v - 8. Let q(x) = -x**3 + x - 9. Let k(n) = n**3 - n**2 + 2. Let r(f) = 2*k(f) + q(f). Let c be 2/6*(-9)/(-1). Let p be r(c). Calculate g(p).
-1
Let a(g) = -g**2 - 5*g + 7. Let u = -22 - -25. Suppose 5*s + 31 = u*p, -6*s + 3*s - 2*p = 11. Calculate a(s).
7
Let v(r) = 3 - 5*r**2 - 4 - r**3 + 106*r - r**2 - 43*r - 54*r. Determine v(-7).
-15
Let n(s) = s**2 - s. Let i(m) = -m**3 + 7*m**2 + 6*m + 18. Let w be i(8). Suppose w = v - 3*v. Determine n(v).
2
Let y be (0 + 1)*0/3. Let q(v) = y + 4*v + v**2 + v**3 - 1 - 3*v + 0. What is q(0)?
-1
Let w(y) be the second derivative of -7*y**5/120 - y**3 - 8*y. Let b(t) be the second derivative of w(t). Give b(-1).
7
Let q(t) = 5*t**2 - 8*t - 6. Let m(f) = -2*f**2 - f + 1. Let d(p) = 2*m(p) + q(p). Determine d(11).
7
Let c be ((-70)/(-245))/(4/(-28)). Let u(t) = -5*t - 4. What is u(c)?
6
Let s(b) = -7*b + 3*b - 6 + b. Suppose -23 = -8*t - 95. Let q = -13 - t. Calculate s(q).
6
Let x(c) = -c**2 - 10*c + 2. Let k be x(-10). Let l(p) = -4*p + 4*p**k - p**3 - 6*p + 4 - 2 + 12*p. Give l(4).
10
Let s(c) = c**3 + 11*c**2 + 12*c + 26. Let k be s(-10). Let n(j) = j - 5. What is n(k)?
1
Let u(m) = -m - 2 - 1 + 4. Let b be ((-288)/27)/(-16)*3/(-1). Let o(j) = j**2 - 7*j - 16. Let v be o(b). Determine u(v).
-1
Let b = 9 + -9. Suppose -31 = -4*r - 5*w, b = 2*w - 9 + 3. Let n(i) = 4*i - 2 + 2*i - r - i**3 - 5*i**2 - 2*i. What is n(-6)?
6
Let s(c) = 5*c**3 - 9*c**2 - 3*c + 4. Let q(a) = 4*a**3 - 8*a**2 - 2*a + 3. Let u be 1/3 + 150/(-45). Let x(b) = u*s(b) + 4*q(b). Let g = -4 - -8. What is x(g)?
-12
Let s(t) = -3*t**2 + 3*t**2 - 7 + 8*t - 2*t**2 + 2*t**2 - t**2. Determine s(8).
-7
Let q(h) = -9 - 4 + 4*h + h + 4. What is q(7)?
26
Let y(v) be the third derivative of -v**5/30 + 13*v**4/24 + 20*v**3/3 + 23*v**2. What is y(9)?
-5
Let b(j) = -9*j + 4*j**2 - 8*j + 19*j - j**3 + 6 - 8*j. Determine b(4).
-18
Let l(w) = -13*w**2 - 2*w + 3. Let r(f) = 36*f**2 + 8*f - 8. Let q(o) = 11*l(o) + 4*r(o). Give q(-8).
-15
Suppose -4*n - 16 = 2*j - 6*j, 0 = -2*j - 2*n. Let o(d) = -8*d. Let g(a) = a. Let f(c) = j*o(c) + 14*g(c). What is f(-3)?
6
Let d(j) = -j**3 + 10*j**2 - 16*j**2 - 6*j**3 + 1 + 10*j**2 + 5*j. Let w be d(-1). Let t(x) = x**3 - 6*x**2 - 8*x + 2. What is t(w)?
-5
Suppose 48 = -r - 3*r. Let d be 3/(9/r) - -7. Let w(f) = 5*f - 1. What is w(d)?
14
Let z(k) = 6*k + 5. Let s(b) = 8*b + 5. Let l(d) = -5*s(d) + 6*z(d). Determine l(4).
-11
Let s(n) = n - 13. Let h = 2806 + -2803. Give s(h).
-10
Let g(b) = 1047*b**2 - b - 1046*b**2 - 4*b + 1. Determine g(5).
1
Let u(j) = j**3 + j**2 + 3*j + 1. Suppose 74 = 2*a - 36. Let i be (22/a)/(1/(-20)). Let k be 12/15*20/i. Calculate u(k).
-9
Let w(b) = b + 11. Let y = 97 + -68. Suppose -y*p = -31*p. Give w(p).
11
Let j be ((-9)/6)/(15/(-40)). Suppose 0*x + j*l = -x - 22, 11 = 2*x - 3*l. Let m(i) = 2*i. Determine m(x).
-4
Let b(w) = -1 + 2*w + 2 - 5*w. Suppose -8 = 41*y + 33. Determine b(y).
4
Let n(s) = 17*s**3 + 11*s**2 + 3*s + 10. Let o(z) = 4*z**3 + z**2. Let g(u) = -n(u) + 4*o(u). Calculate g(-7).
11
Let p(w) be the third derivative of 1/60*w**5 - 4/3*w**3 + 0 + 0*w - 10*w**2 - 5/24*w**4. What is p(6)?
-2
Let i(q) be the second derivative of 5*q**3/3 - 2*q**2 + 5*q. Let g = -597 + 600. What is i(g)?
26
Let m(h) = 3*h**2 - 3*h. Let n(a) = -a**3 + 7*a**2 - 5*a - 4. Let z be (-3 - -1)*(-6)/(-4). Let x be (z*1)/(5/(-10)). Let b be n(x). Calculate m(b).
6
Let f(n) = n**2 + 2*n - 11. Let k be f(-5). Let i be k/4*-2 + 0. Let q(s) = -3*s + 1. Determine q(i).
7
Let y = -97 - -114. Suppose -2*o - 4*n + 4 = 0, -5*o - 4*n + y = -5. Let m(f) = 5*f - 9. Give m(o).
21
Let t(w) = 8*w**2 + w. Let u = 1550 + -1551. What is t(u)?
7
Let l be (2/6)/1*21. Suppose 12 = -l*m - 16. Let w(z) be the second derivative of 2*z**3/3 + 3*z**2 + 3*z. What is w(m)?
-10
Let l be -44 - (1 - 4 - -1). Let t be ((-56)/l)/(4/6). Let d(s) = s**t - 3*s**2 + 7 + s**2 + 0*s**2. What is d(0)?
7
Let h(g) be the first derivative of g**4/12 - 3*g**2/2 - 16*g + 10. Let f(w) be the first derivative of h(w). Give f(-3).
6
Let k be (-3 - -2)/((-2)/(-70)). Let b = k + 27. Let a(f) = f**2 + 9*f + 10. Determine a(b).
2
Let f be 1/2 - 1513/178. Let k(z) = -z**2 - 8*z + 3. Determine k(f).
3
Let k(q) be the third derivative of q**6/120 - q**5/6 - q**4/2 + 11*q**3/6 - q**2 - 184*q. Determine k(11).
0
Let g(t) = -61*t**2 + 3*t - 1 + t**3 + 154*t**2 - 89*t**2. Let a(i) = 5*i + 1. Let p be a(-1). What is g(p)?
-13
Suppose 2*t + 32 = 4*t. Let a = 13 - t. Let c(j) = -3*j - 4. Calculate c(a).
5
Let l(o) be the first derivative of -o**3/3 + 3*o**2/2 + 5*o + 28. Calculate l(4).
1
Let q(u) = 2*u**2 - 37*u + 5. Let g be q(19). Let f = g + -21. Let t(a) = 5*a. Give t(f).
15
Let g(l) = -l**3 + 8*l**2 + 2*l - 9. Let d be g(8). Let z(x) = 2*x**2 - 17*x - 9. Let f(c) = 3*c**2 - 25*c - 13. Let i(r) = 5*f(r) - 7*z(r). Calculate i(d).
5
Let d(z) be the third derivative of z**6/60 - z**5/15 + z**4/24 - z**3/2 + 3*z**2 - 55*z. Give d(3).
18
Suppose r - 9 = -5*s + 8, r - 3*s + 7 = 0. Let d be 18/(-12) + -3*r/(-4). Let o(f) be the second derivative of -f**4/12 - f**3/6 + f**2 - 2*f. Calculate o(d).
2
Suppose 6*d + 1 = 13. Let m(f) = -3*f**2 - 2*f - 1. Calculate m(d).
-17
Let w(n) = 26 + 21 - 65 + 23 - 3*n. Calculate w(2).
-1
Let g(f) be the third derivative of f**5/60 - 5*f**4/24 - 5*f**3/6 - 9*f**2. Let v(m) = m + 13. Let o be v(-10). Suppose o*u - 8*u = -25. Determine g(u).
-5
Let a(g) be the first derivative of g**3/3 - 7*g**2/2 - g - 2029. Let i be 38/6 + 1/(-3). Calculate a(i).
-7
Let o = -3 + -4. Let x = o - -8. Let v(n) = 1 - x + 12*n - 13*n. Give v(0).
0
Let x(j) be the third derivative of 0*j - 1/24*j**4 + 12*j**2 + 0 - 1/6*j**3. Calculate x(-9).
8
Suppose 0 = -19*a + 31*a - 48. Let v(c) be the second derivative of 1/3*c**3 - 2/3*c**a + 0 + c + 1/2*c**2. Give v(-1).
-9
Let i(t) = -902 + 450 + 454 - t**2 - 2*t - 3*t. Let q = -23 + 26. Calculate i(q).
-22
Let f(t) = 4*t**3 + 4*t**2 - 3. Let q(b) = 5*b**3 + 3*b**2 - 2. Let d(m) = -2*f(m) + 3*q(m). Let s = 39 + -40. Det